-318?
1610
In base 13, what is 7394a + -3?
73947
In base 2, what is 1 + -1010101000010100001?
-1010101000010100000
In base 4, what is 333 + 11002?
12001
In base 2, what is 101 - -110011101010110?
110011101011011
In base 2, what is -10001011010 + 110100100111?
100011001101
In base 5, what is -122 - 100011?
-100133
In base 16, what is -4c5 + -c?
-4d1
In base 2, what is 100101000110101101011 - 0?
100101000110101101011
In base 8, what is -10411661 + -4?
-10411665
In base 3, what is 1101111011222 - 12?
1101111011210
In base 8, what is -7414 + 13?
-7401
In base 6, what is 20 + 153350?
153410
In base 9, what is 4 + -330441?
-330436
In base 5, what is -4 - -442210?
442201
In base 6, what is -225415 - 1404?
-231223
In base 2, what is 10 - 10101101100111111?
-10101101100111101
In base 13, what is -7 + 114?
10a
In base 10, what is -823505 - 1?
-823506
In base 10, what is 42 + 1862?
1904
In base 13, what is 28574 - -4?
28578
In base 5, what is 101 + 1121?
1222
In base 2, what is 11110110110011 + 1?
11110110110100
In base 12, what is -2 - -3149?
3147
In base 9, what is 16 + 345677?
345704
In base 15, what is -18a0 + -4?
-18a4
In base 12, what is 5 + -660b4?
-660ab
In base 12, what is -595603 - 0?
-595603
In base 16, what is -3b96 - -7?
-3b8f
In base 15, what is -161c - 5?
-1622
In base 14, what is 1d - -196?
1b5
In base 2, what is 1111000010010 - 1101011?
1110110100111
In base 8, what is -71642 + -161?
-72023
In base 2, what is -10101111110001 - 101?
-10101111110110
In base 7, what is 3320 - -2226?
5546
In base 9, what is 142 - -130?
272
In base 11, what is -7 + 2386?
237a
In base 3, what is 1020 + 2112212021?
2112220111
In base 5, what is 1 + 121041442?
121041443
In base 4, what is -1031032 + -123?
-1031221
In base 10, what is 73 + 24883?
24956
In base 7, what is -3065 + -11?
-3106
In base 10, what is -3699 + 640?
-3059
In base 2, what is -101001 + -111101101100?
-111110010101
In base 11, what is -5908 - -25?
-5893
In base 14, what is -60a9 + 17?
-6092
In base 12, what is -29 + -218?
-245
In base 4, what is -3233211 + -22?
-3233233
In base 16, what is -12e - 14?
-142
In base 2, what is 11 - 11010000110001101?
-11010000110001010
In base 8, what is 0 + 144731?
144731
In base 2, what is -1001101100111 + -1001001?
-1001110110000
In base 4, what is 0 + -1312132133?
-1312132133
In base 11, what is -38 - 3a9?
-436
In base 16, what is -6 - 1565?
-156b
In base 12, what is a795 + 0?
a795
In base 7, what is -12556462 - -2?
-12556460
In base 9, what is 63002 + 8?
63011
In base 3, what is 121222220222 - -112?
121222221111
In base 9, what is 1030 + -2?
1027
In base 9, what is -4 - 525015?
-525020
In base 9, what is -3748 + -41?
-3800
In base 4, what is 1001 + 102222?
103223
In base 9, what is -120521 - 2?
-120523
In base 10, what is -637 - -246?
-391
In base 3, what is 112201102 + 0?
112201102
In base 7, what is -4 + 34131?
34124
In base 7, what is 104 - 6225?
-6121
In base 2, what is 11 + 1000010100010011?
1000010100010110
In base 11, what is -828 + -177?
-9a4
In base 2, what is -1100111000001101 + 1000?
-1100111000000101
In base 16, what is -ed - -ab?
-42
In base 10, what is -749268 + -5?
-749273
In base 12, what is 2 + 5709?
570b
In base 15, what is 557 + -525?
32
In base 14, what is -bb818 - 4?
-bb81c
In base 12, what is 101a6 - 51?
10155
In base 3, what is -110 - 110110000?
-110110110
In base 16, what is -d + -18b?
-198
In base 9, what is 35170 - 2?
35167
In base 9, what is -42521 - -2?
-42518
In base 3, what is -100 - 2112020?
-2112120
In base 16, what is -3 - 2b41?
-2b44
In base 11, what is -6232 + 39?
-61a4
In base 15, what is 7b8 - 9?
7ae
In base 8, what is -70735 - -1?
-70734
In base 7, what is 14 - -613064?
613111
In base 3, what is 2112020 + -211202?
1200111
In base 8, what is -2624 + 22?
-2602
In base 13, what is 3 + -408a8?
-408a5
In base 10, what is 14 + 32146?
32160
In base 6, what is -55514 + 120?
-55354
In base 16, what is -6686e6 - 3?
-6686e9
In base 13, what is 5c7807 + 2?
5c7809
In base 10, what is -170 - 5732?
-5902
In base 5, what is -142243 - 4?
-142302
In base 9, what is 1687 - 14?
1673
In base 11, what is 29 + -21366?
-21338
In base 13, what is -6 - -226a0?
22697
In base 5, what is 4001130 + -1?
4001124
In base 11, what is -60773 - -9?
-60765
In base 4, what is 311111311120 + 3?
311111311123
In base 16, what is -7 + -87474?
-8747b
In base 11, what is -3311 - -11?
-3300
In base 5, what is 24013 - 3?
24010
In base 10, what is 267339 - 2?
267337
In base 10, what is -47 - -2813?
2766
In base 16, what is 89f + 1ec?
a8b
In base 16, what is -3c37 - e?
-3c45
In base 10, what is -1508 - -2328?
820
In base 12, what is 2a - -2283?
22b1
In base 4, what is -1100223213 - 1?
-1100223220
In base 6, what is -32035323 + 5?
-32035314
In base 15, what is -16 - 6683?
-6699
In base 9, what is -2875 - 2?
-2877
In base 4, what is 2300312 - 1001?
2233311
In base 5, what is -32 + 301142?
301110
In base 6, what is 2 - -2244?
2250
In base 10, what is -6 - 414751?
-414757
In base 6, what is 10 + -14525?
-14515
In base 5, what is -12140303 - -13?
-12140240
In base 8, what is -11503535 - -1?
-11503534
In base 13, what is -24c + -2857?
-2aa6
In base 7, what is 121 + 356630?
360051
In base 12, what is -5b7574 - -4?
-5b7570
In base 4, what is 10 - 21001?
-20331
In base 5, what is 3030 - 240?
2240
In base 16, what is -d + -850?
-85d
In base 15, what is -29 - -16eb?
16c2
In base 16, what is 4cea + 5?
4cef
In base 14, what is d + 6223?
6232
In base 11, what is 0 + -5819?
-5819
In base 15, what is -e + 43c2?
43b3
In base 10, what is 110291 - 0?
110291
In base 10, what is 11 + 766?
777
In base 15, what is c + 8c25?
8c32
In base 7, what is 4412 - 423?
3656
In base 6, what is -2143 - -10114?
3531
In base 7, what is 13 - -204650?
204663
In base 15, what is -95d + 7?
-956
In base 6, what is 405 + -400?
5
In base 4, what is -10230303321 - 11?
-10230303332
In base 2, what is -10010010 - 101000001?
-111010011
In base 16, what is 10ef - b?
10e4
In base 13, what is b7 + -263?
-179
In base 9, what is 5 + -43726?
-43721
In base 11, what is 1335 - 221?
1114
In base 16, what is 1f1 - 3ca?
-1d9
In base 3, what is -120 - 10210022?
-10210212
In base 8, what is -1516 + -5?
-1523
In base 9, what is -27657 + -6?
-27664
In base 3, what is -101 + 1021212120?
1021212012
In base 6, what is 4 + 10145114?
10145122
In base 14, what is -14b6 - -2d?
-1487
In base 12, what is 2 - 40b44?
-40b42
In base 15, what is 49 - 112?
-b8
In base 3, what is -110 + -2201101?
-2201211
In base 16, what is -724 + -99?
-7bd
In base 5, what is -341 + -104?
-1000
In base 5, what is -1012 + 110434?
104422
In base 6, what is 241 + 15434?
20115
In base 8, what is 152 + 23064?
23236
In base 2, what is -10110111 + 100001101?
1010110
In base 14, what is -1c + 58?
3a
In base 12, what is -13 + -5356?
-5369
In base 14, what is 1d + 20ba?
20d9
In base 15, what is 15 + -6a79?
-6a64
In base 8, what is -2542606 - -3?
-2542603
In base 4, what is -313212 + 32?
-313120
In base 16, what is 7a + 375?
3ef
In base 15, what is 15 - 2c?
-17
In base 13, what is -1290c3 - 0?
-1290c3
In base 4, what is 1103131 - -1?
1103132
In base 16, what is 7876 + 6?
787c
In base 7, what is 6115 + 1123?
10241
In base 3, what is -20020120 - -211?
-20012202
In base 7, what is 1423144 - 5?
1423136
In base 7, what is -232231 + -2?
-232233
In base 15, what is 1d6ae + 8?
1d6b7
In base 15, what is -1591 - -79?
-1517
In base 7, what is -2062 + 3434?
1342
In base 9, what is 5 + -107854?
-107848
In base 12, what is -326 - 179?
-4a3
In base 10, what is 1187 + 7?
1194
In base 11, what is -249875 - -3?
-249872
In base 3, what is -12012 + 1000200?
211111
In base 7, what is -40236 + -5?
-40244
In base 6, what is 100 - -1200134?
1200234
In base 11, what is 2a623 - -9?
2a631
In base 15, what is 8 - -12c26?
12c2e
In base 8, what is 1 - 2502?
-2501
In base 2, what is -10011110100001110010 + -10?
-10011110100001110100
In base 4, what is -20321 - -2013?
-12302
In base 8, what is 23123 + 1?
23124
In base 3, what is 2102 + 12010?
21112
In base 3, what is 110 + -10022202?
-10022022
In base 10, what is -62565 + 0?
-62565
In base 11, what is -311 - -2556?
2245
In base 10, what is -4 - 27858?
-27862
In base 11, what is -13303 + 4?
-132aa
In base 14, what is 1 - -251a4?
251a5
In base 16, w